 28) + -30 + 23?
-18
Calculate -13 + 22 + -26 - -19.
2
2 + 1 - (13 - (2 - -11))
3
Calculate -15 - (-7 - (10 - (-7 + 13))).
-4
What is 1 + (2 - -8) - -4 - (-2 + -5)?
22
What is 4 + -2 + 10 + -17 - (15 + 0)?
-20
21 + (9 - (5 - (-15 - -7)))
17
What is the value of -8 + 4 + 3 - -1?
0
Evaluate (2 - (-3 - (-2 - (-5 - 0)))) + -28.
-20
3 + ((5 - 2) + 16 + -27 - -4)
-1
What is the value of -19 + 25 - (1 + 18 + -5) - 5?
-13
What is the value of -60 + 76 - (16 + 8)?
-8
What is (-7 - 0) + (-2 + 2 - (3 + 3))?
-13
Calculate (14 - 5) + -23 + 27.
13
0 + 2 - ((1 - -12) + 168 + -173)
-6
Calculate 21 + (5 - -41 - 56).
11
-8 + 3 + (3 - (-4 + 2))
0
What is the value of -4 - -7 - (-15 + 6)?
12
Evaluate 3 + (0 + (8 - (4 - 5)) - 18).
-6
What is 25 + -20 + (-29 - -42)?
18
Calculate -13 + 2 - -41 - 11.
19
What is the value of 0 + 8 + (0 - 11)?
-3
What is the value of -24 - (-42 - (32 - 31))?
19
Evaluate -45 + 57 - (-1 + 2).
11
(-12 - (2 + -3)) + (-125 - -142)
6
What is the value of -1 + 14 + -20 - (-20 - (2 - 5))?
10
What is the value of -1026 + 1030 + (0 - (-3 + 2))?
5
-17 - (0 - (35 - 12))
6
2 - (0 + -3 + -3 + (1 - -5))
2
What is 5 - (6 + (-11 - -13))?
-3
Evaluate -48 - -1 - (-222 - -207).
-32
Calculate -2 + -5 - (30 - 38) - -4.
5
Calculate -4 + 16 + -4 - (0 - 3).
11
What is the value of -7 - -6 - (0 + 8 + -15)?
6
What is the value of -7 - (11 + -33 + 13)?
2
Calculate 5 + (31 - 19) - 48.
-31
Evaluate -3 - 1 - (160 + -158).
-6
What is 17 + -2 + -20 + (4 - 25)?
-26
(8 - 0) + -13 + 11
6
What is -15 + (13 - -2) + 9?
9
What is the value of 20 + -21 + (-6 - -8)?
1
What is 20 + -2 + -71 + 28 + 29?
4
What is 1 + 0 + 7 - 12?
-4
What is -48 + 2 - (-18 + -20 + 21)?
-29
What is (-1 + 2 - (36 + -35)) + 2 + 11?
13
(1 - ((4 - 0) + -2)) + (0 - 14)
-15
What is ((1 - 16) + 2 - (0 + -9)) + 25?
21
Calculate -20 + (22 - 11) + 1 - -19.
11
(7 - (-4 + 8)) + (-8 - 0) + 0
-5
What is the value of (11 - ((-4 - -5) + 4)) + 3?
9
Calculate (-23 - -2) + 44 + -24.
-1
(-1 - -7) + (-5 - (-2 + -2 - -12))
-7
Evaluate -5 + 2 + (480 - 478).
-1
Evaluate -3 - (-12 - 11 - -14).
6
-24 - ((2 - (3 - 8)) + -29 + 18)
-20
What is the value of 1 + -2 + (-2 - -1) + (62 - 59)?
1
Evaluate -13 + (6 - 2 - -9) + -4 + -1.
-5
What is the value of (-99 - -86) + -4 + 1 + (-1 - -7)?
-10
Calculate -3 + -5 - (-3 - 3 - 0) - 3.
-5
Calculate (-3 + -2 - (-8 - -42 - 46)) + 7.
14
Evaluate 54 - 9 - 7 - -5 - 4 - 9.
30
-29 + (10 - (-8 + 12))
-23
Calculate -1 + (-5 - 4) + -5.
-15
-9 + 11 - -7 - (10 + -18 - -14)
3
What is the value of 42 - 34 - (1 - -24)?
-17
-7 + (-23 - -32) + 10
12
4 + (7 - 18) + -19 + -7 + 6
-27
What is the value of 17 - ((-17 - -22) + 7)?
5
-1 + 9 - (-9 + -29 + 45)
1
(7 - (3 - -11)) + (8 - (0 + 1))
0
What is 19 + (4 - (12 + -7 + -8))?
26
4 - (3 - 5) - 4 - (22 + -20)
0
Calculate (14 + -19 - 3) + -2 + -1.
-11
(8 + -4 + (-6 - -3) - -3) + 7
11
Evaluate -5 + 6 + -5 + 1 + 2 + 7.
6
Calculate 12 + 5 - (11 + -13 + 31).
-12
What is the value of -18 - (-23 - -18 - 9)?
-4
What is the value of -14 + 32 + 20 + -32?
6
What is the value of 3 - (-2 - (-11 - -13))?
7
Evaluate (3 - 4) + 12 + -1.
10
19 + 26 + -20 + -14
11
28 + (-2 - 7) + -15
4
Evaluate 20 + -36 + 13 + (-9 - -2).
-10
Evaluate 23 - (-34 + 14 - -36).
7
What is 7 - (12 + 5 - -1) - 8?
-19
What is 3 + -20 + (-2 - -1) + (-9 - -13)?
-14
What is the value of 1 + 4 + -14 - -2?
-7
Evaluate 4 + (-11 - (7 + -9)) - -17.
12
What is the value of -23 + (-21 + 61 - 11) - (2 - -1)?
3
Calculate 32 + 28 + (-6 - 29).
25
What is -3 - (-14 - (19 - 7) - -14)?
9
Calculate -25 - (28 + -32 + 8).
-29
Evaluate -80 + 76 + (4 - 3).
-3
-4 + 2 + (1 + -10 - 2)
-13
What is 2 + 9 + -14 - (-3 + -17 + 3)?
14
Calculate (-5 - -27) + -20 + -1 + 12.
13
Evaluate -18 - (24 - 49) - 18.
-11
Calculate 0 + 7 + (-2 - (-1 + 10 - 22)).
18
Evaluate (5 - 11) + (10 - 1) + -3 + -30.
-30
What is (0 + 0 - 1) + (1182 - 1179)?
2
What is -18 + 10 - (4 + -11)?
-1
What is -5 + (-4 - (6 - (11 - 4)))?
-8
What is the value of -28 + -5 + (-6 - -4 - -16)?
-19
Evaluate 26 - 9 - 4 - (-5 + -10).
28
(-50 - -51) + (9 + 0 - 0)
10
17 - (12 + -14 + 17)
2
Calculate 56 + -11 + -7 + -19.
19
Evaluate 34 + -8 - (7 + 22).
-3
-5 - (-6 + 9 - 3) - -16
11
Evaluate (24 - 38) + -4 + 25.
7
Calculate 42 + -48 - (-5 + (-2 - (5 + -3))).
3
(41 + -82 - -69) + -23
5
What is the value of -18 - (-4 - (-8 + -6) - 2)?
-26
Calculate -8 - 3 - (7 - 4).
-14
What is -12 - (1 + 4 - (4 + 0)) - -2?
-11
Evaluate -8 + 28 - (1 + 1 + -7 + 12).
13
Calculate -157 + 143 + (2 - -9).
-3
What is the value of 1 + (-2 - -3) - 12 - -10 - 0?
0
What is the value of 4 - 3 - (18 + -2) - -10?
-5
Calculate 34 - (24 + 0 + 2).
8
What is -1 + (0 - 0) - -2 - (19 + -3)?
-15
Evaluate (7 - (-6 - -16)) + 9 + 6.
12
-1 - -1 - -6 - (0 - (-13 + 5))
-2
What is the value of 22 + -7 + 3 + (17 - 22) + 6?
19
Evaluate (-10 - (-12 + 6 + 1)) + (-18 - -25).
2
Evaluate -6 - (-14 + (-2 - (-10 + 13))).
13
Calculate 0 + 2 + (6 - (-21 + 3)) + -4.
22
Calculate 1 + -7 + -23 + 7 + 14.
-8
Evaluate 10 - ((-8 + 15 - 1) + -1 + -5).
10
What is -26 - -3 - (-8 - 18)?
3
What is -25 - (-20 - -6) - -12?
1
(29 - (-29 + 51) - (0 - -9)) + 10
8
What is the value of 11 - -3 - 3 - (13 + -21)?
19
-4 - -1 - -8 - (-3 + 2 + -3)
9
-17 + -2 + -2 - (200 - 203)
-18
(-2 + 2 - -1) + (9 - 8) + -1
1
Evaluate -1 + 6 - (40 + -9 + -28) - -8.
10
Evaluate (-1 - 14) + 7 - (4 - 0).
-12
Calculate -27 - (-62 + (41 - 26)).
20
Calculate (10 - (11 - 16)) + -3.
12
Calculate -6 + (12 + -4 - -2) + -7 + -27.
-30
16 + -21 + (8 - 8) + (17 - -3)
15
Evaluate (-18 - -15) + (-2 - (-18 + 3 + -1)).
11
What is (12 + -12 - -24) + -28?
-4
Evaluate 0 + -1 - (25 - 16).
-10
Calculate 718 + -720 + -1 + 14.
11
Evaluate (11 - -2) + (34 - 34 - 5).
8
Calculate (-3 + -3 - -9) + (-26 - -39).
16
(-11 - 1) + (-64 - -73 - (-1 + 8))
-10
What is the value of ((1 - 3) + 4 - -35) + (-3219 - -3216)?
34
What is the value of -50 - (-43 + 5 + 19)?
-31
What is 5 - (8 + 8 + -6)?
-5
What is the value of 35 + -2 + 436 + -471?
-2
Evaluate (492 - 462) + -20 + 3 + 2.
15
What is 27 - (18 - (-42 - -32))?
-1
What is the value of -7 - ((-5 - 1) + -1 - -4 - 25)?
21
Calculate -8 + 11 - (-1 + (-1 - (-3 - 2))).
0
Evaluate (-3 + 3 - 3) + 7 + (-1 - -3).
6
0 + 1 + (-15 - (12 + -30))
4
What is 33 + (-12 - (30 - 14))?
5
Evaluate (2 - -37 - 1) + -34.
4
What is the value of 4 - (3 + -7 - -2) - 21?
-15
Calculate 6 - (92 + -90 + (-6 - (-1 + -1))).
8
What is the value of 270 + -244 + -28 + 1?
-1
Calculate -4 + (-15 - -35) + -20.
-4
Calculate 6 + -43 + 44 - 35.
-28
What is the value of 6 - (-1 + -2 + (1 - -4)) - 8?
-4
Calculate 19 - -7 - (-7 + 14 - (0 - -1)).
20
What is the value of (141 - 130) + (23 - (4 - -1))?
29
11 - (-5 - 15 - -4 - -4)
23
-2 + (0 + -22 - -12 - 1 - -5)
-8
Evaluate 24 + -16 + 7 - 9.
6
22 - (15 + 3 + 16)
-12
Evaluate (-41 - -44) + (-1 - (-10 + 0)).
12
Calculate 47 + -16 - 20 - 18.
-7
Evaluate -14 + (9 - -1) - (0 - 25).
21
Calculate 3 + 5 + -2 + -6 + -3 + 5.
2
9 + -14 - (6 + 7 - 3)
-15
Evaluate 11 + -20 + -3 + 19.
7
What is -13 - (-36 + (25 - -22))?
-24
(-23 - -31) + (-1 - 3 - -1)
5
What is the value of 18 + -17 + -18 + 23?
6
What is (5 - 4) + (4 - 6 - (7 + -9))?
1
What is the value of (-14 + 6 - 6) + 11 + 8?
5
Evaluate -13 + (-31 - (-37 - -23)).
-30
Evaluate 1 + (-1 - (7 + 1 + -6)).
-2
What is 27 + -64 + (8 - -30)?
1
What is the value of (5 - -15) + (-4 - (1 - -3))?
12
Calculate 1 - -1 - -1 - (100 - 85).
-12
What is the value of 15 - (-1 - 18 - -32)?
2
Evaluate 2 - (2 + 1) - 1 - (-217 - -213).
2
Calculate -304 - -320 - (-2 + -2).
20
What is -1 - -22 - ((20 - 10) + 2)?
9
Evaluate -10 - (-2 - 2 - (7 + -17 + 10)).
-6
What is the value of -1 - (-17 - (-10 + -2))?
4
What is the value of -1 - (6 + -2 - 17) - 26?
-14
Calculate -79 + 33 - (0 + -27).
-19
What is the value of 40 - (17 + -25 + 40)?
8
What is the value of (-27 - -20) + 41 + -63?
-29
(-2 - -11) + -4 - (92 + -90)
3
-8 + 15 + (-8 - (1 + 7 + -8))
-1
What is the value of -14 - (-19 - (-12 + 9))?
2
Evaluate (-11 - (-15 + 9) - -6) + -5 + 5.
1
Evaluate (9 - 2 - (9 + 2) - -3) + 3.
2
What is 40 + (4 - 33) - (26 + 0)?
-15
What is the value of 41 - (-10 + 60 + -25)?
16
Calculate 19 + -9 + -22 + 4.
-8
What is the value of (-26 - (-24 + 9)) + -19?
-30
What is -21 - (-55 + 25) - -3?
12
What is 22 + (34 - 57 - 15)?
-16
(13 - (1 + 8)) + -10
-6
0 + -2 + -6 + 0 +